{"id":13476,"date":"2025-11-25T15:23:13","date_gmt":"2025-11-25T15:23:13","guid":{"rendered":"https:\/\/viande-halal.fr\/illkirch\/?post_type=product&#038;p=13476"},"modified":"2025-11-25T15:23:20","modified_gmt":"2025-11-25T15:23:20","slug":"red-bull-25cl","status":"publish","type":"product","link":"https:\/\/prointer.fr\/illkirch\/produit\/red-bull-25cl\/","title":{"rendered":"RED BULL &#8211; 25CL"},"content":{"rendered":"<p>RED BULL &#8211; 25CL est une boisson \u00e9nerg\u00e9tique embl\u00e9matique de la marque RED BULL, con\u00e7ue pour vous donner un coup de boost lorsque vous en avez le plus besoin. Parfaite pour les journ\u00e9es charg\u00e9es, les s\u00e9ances de sport intense ou tout simplement pour vous aider \u00e0 rester concentr\u00e9, cette boisson au go\u00fbt unique saura satisfaire vos besoins en \u00e9nergie.nnFabriqu\u00e9 \u00e0 partir d&rsquo;ingr\u00e9dients de qualit\u00e9, RED BULL &#8211; 25CL est le compagnon id\u00e9al pour vous accompagner tout au long de la journ\u00e9e. Sa petite taille de 25cl en fait un format pratique et facile \u00e0 emporter partout avec vous, que ce soit au travail, \u00e0 la salle de sport ou en d\u00e9placement.nnDisponible dans notre supermarch\u00e9 physique, vous pourrez retrouver RED BULL &#8211; 25CL dans notre rayon boissons, aux c\u00f4t\u00e9s d&rsquo;autres produits de la m\u00eame cat\u00e9gorie. Profitez de son go\u00fbt unique et de ses propri\u00e9t\u00e9s \u00e9nergisantes pour booster votre journ\u00e9e en un instant.nnN&rsquo;attendez plus pour d\u00e9couvrir RED BULL &#8211; 25CL et profitez de son efficacit\u00e9 pour vous donner un coup de pouce lorsque vous en avez le plus besoin. Rendez-vous dans notre supermarch\u00e9 pour vous procurer ce produit incontournable de la marque RED BULL.<\/p>\n","protected":false},"excerpt":{"rendered":"<p>Red Bull 25cl est une boisson \u00e9nergisante iconique, boostant votre \u00e9nergie et votre concentration. Rafra\u00eechissant et d\u00e9licieusement p\u00e9tillant, ce produit Red Bull vous donne des ailes pour affronter votre journ\u00e9e.<\/p>\n","protected":false},"featured_media":13533,"comment_status":"open","ping_status":"closed","template":"","meta":{"footnotes":""},"product_cat":[76,75],"product_tag":[98],"class_list":{"0":"post-13476","1":"product","2":"type-product","3":"status-publish","4":"has-post-thumbnail","6":"product_brand-red-bull","7":"product_cat-boissons","8":"product_cat-tous-les-produits","9":"product_tag-red-bull","10":"product_shipping_class-top-produits","12":"first","13":"instock","14":"taxable","15":"shipping-taxable","16":"purchasable","17":"product-type-simple"},"_links":{"self":[{"href":"https:\/\/prointer.fr\/illkirch\/wp-json\/wp\/v2\/product\/13476","targetHints":{"allow":["GET"]}}],"collection":[{"href":"https:\/\/prointer.fr\/illkirch\/wp-json\/wp\/v2\/product"}],"about":[{"href":"https:\/\/prointer.fr\/illkirch\/wp-json\/wp\/v2\/types\/product"}],"replies":[{"embeddable":true,"href":"https:\/\/prointer.fr\/illkirch\/wp-json\/wp\/v2\/comments?post=13476"}],"version-history":[{"count":1,"href":"https:\/\/prointer.fr\/illkirch\/wp-json\/wp\/v2\/product\/13476\/revisions"}],"predecessor-version":[{"id":13534,"href":"https:\/\/prointer.fr\/illkirch\/wp-json\/wp\/v2\/product\/13476\/revisions\/13534"}],"wp:featuredmedia":[{"embeddable":true,"href":"https:\/\/prointer.fr\/illkirch\/wp-json\/wp\/v2\/media\/13533"}],"wp:attachment":[{"href":"https:\/\/prointer.fr\/illkirch\/wp-json\/wp\/v2\/media?parent=13476"}],"wp:term":[{"taxonomy":"product_cat","embeddable":true,"href":"https:\/\/prointer.fr\/illkirch\/wp-json\/wp\/v2\/product_cat?post=13476"},{"taxonomy":"product_tag","embeddable":true,"href":"https:\/\/prointer.fr\/illkirch\/wp-json\/wp\/v2\/product_tag?post=13476"}],"curies":[{"name":"wp","href":"https:\/\/api.w.org\/{rel}","templated":true}]}}