{"id":13579,"date":"2025-11-25T15:23:33","date_gmt":"2025-11-25T15:23:33","guid":{"rendered":"https:\/\/viande-halal.fr\/illkirch\/?post_type=product&#038;p=13579"},"modified":"2025-11-25T15:23:39","modified_gmt":"2025-11-25T15:23:39","slug":"fanta-orange-33cl","status":"publish","type":"product","link":"https:\/\/prointer.fr\/illkirch\/produit\/fanta-orange-33cl\/","title":{"rendered":"FANTA ORANGE &#8211; 33CL"},"content":{"rendered":"<p>D\u00e9couvrez le d\u00e9licieux Fanta Orange en format 33cl, une boisson p\u00e9tillante et rafra\u00eechissante id\u00e9ale pour accompagner vos repas ou pour vous d\u00e9salt\u00e9rer \u00e0 tout moment de la journ\u00e9e. La marque Fanta est r\u00e9put\u00e9e pour ses saveurs fruit\u00e9es et sa qualit\u00e9 irr\u00e9prochable, faisant de ce soda une valeur s\u00fbre pour satisfaire toutes vos envies de fra\u00eecheur.nnFabriqu\u00e9 \u00e0 partir d&rsquo;ingr\u00e9dients de premi\u00e8re qualit\u00e9, le Fanta Orange est une boisson sans colorants artificiels, qui ravira les amateurs de saveurs fruit\u00e9es et acidul\u00e9es. Son go\u00fbt unique et rafra\u00eechissant en fait un incontournable des pauses gourmandes et des moments de convivialit\u00e9.nnQue vous soyez \u00e0 la recherche d&rsquo;une boisson pour accompagner vos repas ou pour \u00e9tancher votre soif lors de vos activit\u00e9s quotidiennes, le Fanta Orange saura vous conqu\u00e9rir par son go\u00fbt authentique et sa fra\u00eecheur incomparable. Ajoutez d\u00e8s maintenant le Fanta Orange &#8211; 33cl \u00e0 votre panier et profitez d&rsquo;une pause gourmande et rafra\u00eechissante en toute simplicit\u00e9.nnNe manquez pas l&rsquo;occasion de d\u00e9couvrir ou red\u00e9couvrir cette boisson iconique de la marque Fanta, disponible en exclusivit\u00e9 dans votre supermarch\u00e9 pr\u00e9f\u00e9r\u00e9. Commandez d\u00e8s maintenant et laissez-vous s\u00e9duire par le go\u00fbt unique du Fanta Orange en format pratique de 33cl.<\/p>\n","protected":false},"excerpt":{"rendered":"<p>D\u00e9couvrez le d\u00e9licieux Fanta Orange en canette de 33cl. Rafra\u00eechissant et p\u00e9tillant, ce soda fruit\u00e9 de la c\u00e9l\u00e8bre marque Fanta saura \u00e9gayer vos pauses et vos moments de convivialit\u00e9.<\/p>\n","protected":false},"featured_media":13610,"comment_status":"open","ping_status":"closed","template":"","meta":{"footnotes":""},"product_cat":[76,75],"product_tag":[103],"class_list":{"0":"post-13579","1":"product","2":"type-product","3":"status-publish","4":"has-post-thumbnail","6":"product_brand-fanta","7":"product_cat-boissons","8":"product_cat-tous-les-produits","9":"product_tag-fanta","10":"product_shipping_class-top-produits","12":"first","13":"instock","14":"taxable","15":"shipping-taxable","16":"purchasable","17":"product-type-simple"},"_links":{"self":[{"href":"https:\/\/prointer.fr\/illkirch\/wp-json\/wp\/v2\/product\/13579","targetHints":{"allow":["GET"]}}],"collection":[{"href":"https:\/\/prointer.fr\/illkirch\/wp-json\/wp\/v2\/product"}],"about":[{"href":"https:\/\/prointer.fr\/illkirch\/wp-json\/wp\/v2\/types\/product"}],"replies":[{"embeddable":true,"href":"https:\/\/prointer.fr\/illkirch\/wp-json\/wp\/v2\/comments?post=13579"}],"version-history":[{"count":1,"href":"https:\/\/prointer.fr\/illkirch\/wp-json\/wp\/v2\/product\/13579\/revisions"}],"predecessor-version":[{"id":13611,"href":"https:\/\/prointer.fr\/illkirch\/wp-json\/wp\/v2\/product\/13579\/revisions\/13611"}],"wp:featuredmedia":[{"embeddable":true,"href":"https:\/\/prointer.fr\/illkirch\/wp-json\/wp\/v2\/media\/13610"}],"wp:attachment":[{"href":"https:\/\/prointer.fr\/illkirch\/wp-json\/wp\/v2\/media?parent=13579"}],"wp:term":[{"taxonomy":"product_cat","embeddable":true,"href":"https:\/\/prointer.fr\/illkirch\/wp-json\/wp\/v2\/product_cat?post=13579"},{"taxonomy":"product_tag","embeddable":true,"href":"https:\/\/prointer.fr\/illkirch\/wp-json\/wp\/v2\/product_tag?post=13579"}],"curies":[{"name":"wp","href":"https:\/\/api.w.org\/{rel}","templated":true}]}}