{"id":14207,"date":"2025-11-25T15:25:59","date_gmt":"2025-11-25T15:25:59","guid":{"rendered":"https:\/\/viande-halal.fr\/illkirch\/?post_type=product&#038;p=14207"},"modified":"2025-11-25T15:26:04","modified_gmt":"2025-11-25T15:26:04","slug":"oasis-tropical-2l","status":"publish","type":"product","link":"https:\/\/prointer.fr\/illkirch\/produit\/oasis-tropical-2l\/","title":{"rendered":"OASIS TROPICAL &#8211; 2L"},"content":{"rendered":"<p>D\u00e9couvrez le d\u00e9licieux OASIS TROPICAL &#8211; 2L, une boisson rafra\u00eechissante et fruit\u00e9e qui vous transportera directement sous les tropiques. Fabriqu\u00e9 par la c\u00e9l\u00e8bre marque OASIS, ce jus de fruits exotiques est le compagnon id\u00e9al pour vous d\u00e9salt\u00e9rer tout au long de la journ\u00e9e.nnAvec sa bouteille de 2 litres, l&rsquo;OASIS TROPICAL est parfait pour partager un moment de convivialit\u00e9 en famille ou entre amis. Son go\u00fbt sucr\u00e9 et acidul\u00e9 saura ravir les papilles de toute la maisonn\u00e9e, que ce soit au petit-d\u00e9jeuner, pendant le d\u00e9jeuner ou en soir\u00e9e.nnLes ingr\u00e9dients s\u00e9lectionn\u00e9s avec soin et la recette unique de l&rsquo;OASIS TROPICAL en font une boisson de qualit\u00e9, sans colorants ni conservateurs ajout\u00e9s. De plus, sa grande contenance permet de profiter de plusieurs verres sans avoir \u00e0 se soucier de manquer de cette d\u00e9licieuse boisson.nnDisponible dans notre supermarch\u00e9, l&rsquo;OASIS TROPICAL &#8211; 2L est un incontournable \u00e0 avoir dans votre r\u00e9frig\u00e9rateur pour satisfaire toutes vos envies de fra\u00eecheur et d&rsquo;exotisme. N&rsquo;h\u00e9sitez plus et laissez-vous tenter par ce voyage gustatif aux saveurs ensoleill\u00e9es !<\/p>\n","protected":false},"excerpt":{"rendered":"<p>D\u00e9couvrez le d\u00e9licieux Oasis Tropical en format 2L. Rafra\u00eechissant et vitamin\u00e9, ce jus de fruits exotiques est parfait pour se d\u00e9salt\u00e9rer en toute saison. Profitez de l&rsquo;exotisme avec Oasis.<\/p>\n","protected":false},"featured_media":14236,"comment_status":"closed","ping_status":"closed","template":"","meta":{"footnotes":""},"product_cat":[76,75],"product_tag":[100],"class_list":{"0":"post-14207","1":"product","2":"type-product","3":"status-publish","4":"has-post-thumbnail","6":"product_brand-oasis","7":"product_cat-boissons","8":"product_cat-tous-les-produits","9":"product_tag-oasis","10":"product_shipping_class-top-produits","12":"first","13":"instock","14":"taxable","15":"shipping-taxable","16":"purchasable","17":"product-type-simple"},"_links":{"self":[{"href":"https:\/\/prointer.fr\/illkirch\/wp-json\/wp\/v2\/product\/14207","targetHints":{"allow":["GET"]}}],"collection":[{"href":"https:\/\/prointer.fr\/illkirch\/wp-json\/wp\/v2\/product"}],"about":[{"href":"https:\/\/prointer.fr\/illkirch\/wp-json\/wp\/v2\/types\/product"}],"replies":[{"embeddable":true,"href":"https:\/\/prointer.fr\/illkirch\/wp-json\/wp\/v2\/comments?post=14207"}],"version-history":[{"count":1,"href":"https:\/\/prointer.fr\/illkirch\/wp-json\/wp\/v2\/product\/14207\/revisions"}],"predecessor-version":[{"id":14237,"href":"https:\/\/prointer.fr\/illkirch\/wp-json\/wp\/v2\/product\/14207\/revisions\/14237"}],"wp:featuredmedia":[{"embeddable":true,"href":"https:\/\/prointer.fr\/illkirch\/wp-json\/wp\/v2\/media\/14236"}],"wp:attachment":[{"href":"https:\/\/prointer.fr\/illkirch\/wp-json\/wp\/v2\/media?parent=14207"}],"wp:term":[{"taxonomy":"product_cat","embeddable":true,"href":"https:\/\/prointer.fr\/illkirch\/wp-json\/wp\/v2\/product_cat?post=14207"},{"taxonomy":"product_tag","embeddable":true,"href":"https:\/\/prointer.fr\/illkirch\/wp-json\/wp\/v2\/product_tag?post=14207"}],"curies":[{"name":"wp","href":"https:\/\/api.w.org\/{rel}","templated":true}]}}