{"id":72011,"date":"2025-11-25T15:22:47","date_gmt":"2025-11-25T15:22:47","guid":{"rendered":"https:\/\/viande-halal.fr\/meinau\/?post_type=product&#038;p=72011"},"modified":"2025-11-25T15:23:15","modified_gmt":"2025-11-25T15:23:15","slug":"beypazari-eau-petillante-pasteque-f","status":"publish","type":"product","link":"https:\/\/prointer.fr\/meinau\/produit\/beypazari-eau-petillante-pasteque-f\/","title":{"rendered":"BEYPAZARI EAU PETILLANTE PASTEQUE\/F"},"content":{"rendered":"<p>BEYPAZARI EAU P\u00c9TILLANTE PASTEQUE\/F est une d\u00e9licieuse boisson p\u00e9tillante \u00e0 la past\u00e8que, id\u00e9ale pour se rafra\u00eechir en toute saison. Fabriqu\u00e9e par la c\u00e9l\u00e8bre marque BEYPAZARI, cette eau p\u00e9tillante allie parfaitement le go\u00fbt sucr\u00e9 et rafra\u00eechissant de la past\u00e8que avec des bulles p\u00e9tillantes pour une exp\u00e9rience de d\u00e9gustation unique.nnCette boisson est parfaite pour les amateurs de saveurs fruit\u00e9es et rafra\u00eechissantes, et convient \u00e0 tous les membres de la famille. Que ce soit pour accompagner un repas, se d\u00e9salt\u00e9rer lors d&rsquo;une journ\u00e9e ensoleill\u00e9e ou simplement pour se faire plaisir, l&rsquo;eau p\u00e9tillante \u00e0 la past\u00e8que BEYPAZARI est un choix id\u00e9al.nnEn plus de son go\u00fbt d\u00e9licieux, cette boisson est \u00e9galement saine et rafra\u00eechissante, sans sucres ajout\u00e9s ni colorants artificiels. Elle se conserve facilement et peut \u00eatre emport\u00e9e partout avec vous.nnOffrez-vous un moment de plaisir avec l&rsquo;eau p\u00e9tillante \u00e0 la past\u00e8que BEYPAZARI et laissez-vous s\u00e9duire par sa fra\u00eecheur et son go\u00fbt irr\u00e9sistible. Disponible d\u00e8s maintenant dans votre supermarch\u00e9 pr\u00e9f\u00e9r\u00e9, laissez-vous tenter par cette boisson p\u00e9tillante \u00e0 la past\u00e8que qui saura ravir vos papilles.<\/p>\n","protected":false},"excerpt":{"rendered":"<p>D\u00e9couvrez la d\u00e9licieuse eau p\u00e9tillante \u00e0 la past\u00e8que de BEYPAZARI. Rafra\u00eechissante et pleine de saveur, cette boisson est parfaite pour vous hydrater tout en vous faisant plaisir.<\/p>\n","protected":false},"featured_media":72216,"comment_status":"closed","ping_status":"closed","template":"","meta":{"footnotes":""},"product_cat":[76,75],"product_tag":[95],"class_list":{"0":"post-72011","1":"product","2":"type-product","3":"status-publish","4":"has-post-thumbnail","6":"product_brand-beypazari","7":"product_cat-boissons","8":"product_cat-tous-les-produits","9":"product_tag-beypazari","10":"product_shipping_class-top-produits","12":"first","13":"instock","14":"taxable","15":"shipping-taxable","16":"purchasable","17":"product-type-simple"},"_links":{"self":[{"href":"https:\/\/prointer.fr\/meinau\/wp-json\/wp\/v2\/product\/72011","targetHints":{"allow":["GET"]}}],"collection":[{"href":"https:\/\/prointer.fr\/meinau\/wp-json\/wp\/v2\/product"}],"about":[{"href":"https:\/\/prointer.fr\/meinau\/wp-json\/wp\/v2\/types\/product"}],"replies":[{"embeddable":true,"href":"https:\/\/prointer.fr\/meinau\/wp-json\/wp\/v2\/comments?post=72011"}],"version-history":[{"count":1,"href":"https:\/\/prointer.fr\/meinau\/wp-json\/wp\/v2\/product\/72011\/revisions"}],"predecessor-version":[{"id":72217,"href":"https:\/\/prointer.fr\/meinau\/wp-json\/wp\/v2\/product\/72011\/revisions\/72217"}],"wp:featuredmedia":[{"embeddable":true,"href":"https:\/\/prointer.fr\/meinau\/wp-json\/wp\/v2\/media\/72216"}],"wp:attachment":[{"href":"https:\/\/prointer.fr\/meinau\/wp-json\/wp\/v2\/media?parent=72011"}],"wp:term":[{"taxonomy":"product_cat","embeddable":true,"href":"https:\/\/prointer.fr\/meinau\/wp-json\/wp\/v2\/product_cat?post=72011"},{"taxonomy":"product_tag","embeddable":true,"href":"https:\/\/prointer.fr\/meinau\/wp-json\/wp\/v2\/product_tag?post=72011"}],"curies":[{"name":"wp","href":"https:\/\/api.w.org\/{rel}","templated":true}]}}