{"id":72507,"date":"2025-11-25T15:24:04","date_gmt":"2025-11-25T15:24:04","guid":{"rendered":"https:\/\/viande-halal.fr\/meinau\/?post_type=product&#038;p=72507"},"modified":"2025-11-25T15:24:09","modified_gmt":"2025-11-25T15:24:09","slug":"creme-chantilly-bizim-mutfak-2x75","status":"publish","type":"product","link":"https:\/\/prointer.fr\/meinau\/produit\/creme-chantilly-bizim-mutfak-2x75\/","title":{"rendered":"CREME CHANTILLY BIZIM MUTFAK &#8211; 2X75"},"content":{"rendered":"<p>La cr\u00e8me chantilly Bizim Mutfak de la marque Ulker est l&rsquo;ingr\u00e9dient parfait pour sublimer vos desserts et p\u00e2tisseries. Avec son format \u00e9conomique de 2x75cl, cette cr\u00e8me vous permettra de pr\u00e9parer de d\u00e9licieuses recettes en toute simplicit\u00e9.nnLa cr\u00e8me chantilly Ulker est fabriqu\u00e9e \u00e0 partir d&rsquo;ingr\u00e9dients de qualit\u00e9, pour une texture onctueuse et un go\u00fbt inimitable. Son format pratique vous permettra de conserver la cr\u00e8me chantilly plus longtemps, pour en profiter \u00e0 tout moment.nnQue ce soit pour d\u00e9corer un g\u00e2teau, accompagner des fruits frais ou agr\u00e9menter un caf\u00e9 gourmand, la cr\u00e8me chantilly Ulker saura combler toutes vos envies sucr\u00e9es. Gr\u00e2ce \u00e0 son go\u00fbt d\u00e9licat et sa texture a\u00e9rienne, elle apportera une touche de gourmandise \u00e0 tous vos desserts.nnNe r\u00e9sistez plus \u00e0 la tentation et ajoutez la cr\u00e8me chantilly Bizim Mutfak de la marque Ulker \u00e0 votre panier lors de votre prochaine visite en magasin. Laissez-vous tenter par cette d\u00e9licieuse cr\u00e8me pour des moments de gourmandise inoubliables.<\/p>\n","protected":false},"excerpt":{"rendered":"<p>D\u00e9couvrez la d\u00e9licieuse cr\u00e8me chantilly Bizim Mutlak de la marque Ulker. Avec son format pratique de 2x75g, cette cr\u00e8me onctueuse et savoureuse sublimera vos desserts en un clin d&rsquo;\u0153il.<\/p>\n","protected":false},"featured_media":71523,"comment_status":"closed","ping_status":"closed","template":"","meta":{"footnotes":""},"product_cat":[105,75],"product_tag":[106],"class_list":{"0":"post-72507","1":"product","2":"type-product","3":"status-publish","4":"has-post-thumbnail","6":"product_brand-ulker","7":"product_cat-epicerie-sucree","8":"product_cat-tous-les-produits","9":"product_tag-ulker","10":"product_shipping_class-top-produits","12":"first","13":"instock","14":"taxable","15":"shipping-taxable","16":"purchasable","17":"product-type-simple"},"_links":{"self":[{"href":"https:\/\/prointer.fr\/meinau\/wp-json\/wp\/v2\/product\/72507","targetHints":{"allow":["GET"]}}],"collection":[{"href":"https:\/\/prointer.fr\/meinau\/wp-json\/wp\/v2\/product"}],"about":[{"href":"https:\/\/prointer.fr\/meinau\/wp-json\/wp\/v2\/types\/product"}],"replies":[{"embeddable":true,"href":"https:\/\/prointer.fr\/meinau\/wp-json\/wp\/v2\/comments?post=72507"}],"version-history":[{"count":1,"href":"https:\/\/prointer.fr\/meinau\/wp-json\/wp\/v2\/product\/72507\/revisions"}],"predecessor-version":[{"id":72539,"href":"https:\/\/prointer.fr\/meinau\/wp-json\/wp\/v2\/product\/72507\/revisions\/72539"}],"wp:featuredmedia":[{"embeddable":true,"href":"https:\/\/prointer.fr\/meinau\/wp-json\/wp\/v2\/media\/71523"}],"wp:attachment":[{"href":"https:\/\/prointer.fr\/meinau\/wp-json\/wp\/v2\/media?parent=72507"}],"wp:term":[{"taxonomy":"product_cat","embeddable":true,"href":"https:\/\/prointer.fr\/meinau\/wp-json\/wp\/v2\/product_cat?post=72507"},{"taxonomy":"product_tag","embeddable":true,"href":"https:\/\/prointer.fr\/meinau\/wp-json\/wp\/v2\/product_tag?post=72507"}],"curies":[{"name":"wp","href":"https:\/\/api.w.org\/{rel}","templated":true}]}}

<p>La crème chantilly Bizim Mutfak de la marque Ulker est l&rsquo;ingrédient parfait pour sublimer vos desserts et pâtisseries. Avec son format économique de 2x75cl, cette crème vous permettra de préparer de délicieuses recettes en toute simplicité.nnLa crème chantilly Ulker est fabriquée à partir d&rsquo;ingrédients de qualité, pour une texture onctueuse et un goût inimitable. Son format pratique vous permettra de conserver la crème chantilly plus longtemps, pour en profiter à tout moment.nnQue ce soit pour décorer un gâteau, accompagner des fruits frais ou agrémenter un café gourmand, la crème chantilly Ulker saura combler toutes vos envies sucrées. Grâce à son goût délicat et sa texture aérienne, elle apportera une touche de gourmandise à tous vos desserts.nnNe résistez plus à la tentation et ajoutez la crème chantilly Bizim Mutfak de la marque Ulker à votre panier lors de votre prochaine visite en magasin. Laissez-vous tenter par cette délicieuse crème pour des moments de gourmandise inoubliables.</p>

<p>Découvrez la délicieuse crème chantilly Bizim Mutlak de la marque Ulker. Avec son format pratique de 2x75g, cette crème onctueuse et savoureuse sublimera vos desserts en un clin d&rsquo;œil.</p>
