{"id":72951,"date":"2025-11-25T15:25:52","date_gmt":"2025-11-25T15:25:52","guid":{"rendered":"https:\/\/viande-halal.fr\/meinau\/?post_type=product&#038;p=72951"},"modified":"2025-11-25T15:26:47","modified_gmt":"2025-11-25T15:26:47","slug":"escalope-de-veau-marinee-halal","status":"publish","type":"product","link":"https:\/\/prointer.fr\/meinau\/produit\/escalope-de-veau-marinee-halal\/","title":{"rendered":"ESCALOPE DE VEAU MARIN\u00c9E HALAL"},"content":{"rendered":"<h3>ESCALOPE DE VEAU MARIN\u00c9E HALAL<\/h3>\n<p data-start=\"1516\" data-end=\"2035\">L<strong><a href=\"https:\/\/viande-halal.fr\/categorie-produit\/tous-les-produits\/boucherie-charcuterie\/barbecue-grillades-halal\/\" target=\"_blank\" rel=\"noopener\">\u2019escalope de veau marin\u00e9e<\/a><\/strong> halal d\u2019origine France est un produit de qualit\u00e9 sup\u00e9rieure, pens\u00e9 pour r\u00e9pondre aux besoins des consommateurs recherchant une viande savoureuse, pratique et conforme aux exigences halal. Chaque escalope est soigneusement pr\u00e9par\u00e9e par nos bouchers afin d\u2019assurer une \u00e9paisseur homog\u00e8ne, une cuisson facile et une texture tendre. La marinade appliqu\u00e9e artisanalement permet de sublimer la saveur naturelle du veau tout en garantissant que la viande reste juteuse et fondante \u00e0 tout type de cuisson.<\/p>\n<p data-start=\"2037\" data-end=\"2501\">La provenance France de cette escalope de veau assure une viande issue d\u2019\u00e9levages contr\u00f4l\u00e9s, garantissant qualit\u00e9, tra\u00e7abilit\u00e9 et s\u00e9curit\u00e9 alimentaire. Le caract\u00e8re halal de ce produit est certifi\u00e9, r\u00e9pondant aux attentes des consommateurs respectant des pratiques alimentaires sp\u00e9cifiques. Les bouchers de vos magasins Pro-Inter appliquent une marinade \u00e9quilibr\u00e9e et aromatique, qui enrichit la viande de nuances subtiles et permet de pr\u00e9parer des plats raffin\u00e9s ou conviviaux.<\/p>\n<p data-start=\"2503\" data-end=\"2976\">Cette escalope de veau marin\u00e9e halal est extr\u00eamement polyvalente en cuisine. Elle peut \u00eatre cuite \u00e0 la po\u00eale, au grill ou au four et se pr\u00eate \u00e0 de nombreuses recettes : po\u00eal\u00e9es de l\u00e9gumes, risottos, plats gratin\u00e9s, p\u00e2tes ou plats traditionnels fran\u00e7ais. La marinade permet \u00e0 la viande de conserver tout son moelleux, tout en ajoutant des ar\u00f4mes subtils qui se d\u00e9veloppent \u00e0 la cuisson. La viande reste tendre et savoureuse, m\u00eame pour les cuisiniers les moins exp\u00e9riment\u00e9s.<\/p>\n<p data-start=\"2978\" data-end=\"3414\">Pratique et rapide \u00e0 pr\u00e9parer, cette escalope convient aussi bien aux repas quotidiens qu\u2019aux repas de f\u00eate. Elle s\u2019adapte \u00e0 tous les styles de cuisine et \u00e0 tous les accompagnements, tels que l\u00e9gumes r\u00f4tis, pur\u00e9es maison, p\u00e2tes fra\u00eeches, riz ou salades compos\u00e9es. La combinaison d\u2019une viande halal de qualit\u00e9, d\u2019une pr\u00e9paration artisanale et d\u2019une marinade parfum\u00e9e fait de cette escalope un produit incontournable du rayon boucherie.<\/p>\n<p data-start=\"3416\" data-end=\"3677\">Disponibles chaque jour au rayon boucherie de vos magasins Pro-Inter, les escalopes de veau marin\u00e9es halal repr\u00e9sentent l\u2019alliance parfaite entre <strong data-start=\"3562\" data-end=\"3604\">qualit\u00e9, praticit\u00e9 et go\u00fbt authentique<\/strong>, pour des repas savoureux et \u00e9quilibr\u00e9s, adapt\u00e9s \u00e0 toutes les occasions.<\/p>\n","protected":false},"excerpt":{"rendered":"<p data-start=\"280\" data-end=\"740\">L\u2019escalope de veau marin\u00e9e halal d\u2019origine France propos\u00e9e par Pro-Inter est un produit de choix pour tous les amateurs de viande tendre et savoureuse. Pr\u00e9par\u00e9e avec soin par nos bouchers, cette escalope b\u00e9n\u00e9ficie d\u2019une marinade d\u00e9licate qui sublime la saveur naturelle du veau tout en garantissant une cuisson uniforme et une texture moelleuse. Chaque morceau est soigneusement s\u00e9lectionn\u00e9 pour offrir un go\u00fbt raffin\u00e9 et une viande fondante \u00e0 chaque bouch\u00e9e.<\/p>\n<p data-start=\"742\" data-end=\"1197\">Gr\u00e2ce \u00e0 sa pr\u00e9paration professionnelle, cette escalope de veau halal est pr\u00eate \u00e0 cuire, ce qui facilite la r\u00e9alisation de plats rapides et gourmands. La marinade aromatique enrichit la viande de saveurs d\u00e9licates, adapt\u00e9es \u00e0 toutes sortes de recettes : po\u00eal\u00e9e de l\u00e9gumes, risotto, p\u00e2tes, gratins ou plats traditionnels fran\u00e7ais. Sa texture tendre et juteuse en fait un produit id\u00e9al pour les repas du quotidien comme pour les occasions plus conviviales.<\/p>\n<p data-start=\"1199\" data-end=\"1471\">Disponible au rayon boucherie de vos magasins Pro-Inter, cette escalope de veau marin\u00e9 halal allie <strong data-start=\"1298\" data-end=\"1340\">qualit\u00e9, praticit\u00e9 et go\u00fbt authentique<\/strong>. Son origine France garantit une viande fra\u00eeche et trac\u00e9e, pr\u00e9par\u00e9e dans le respect des normes halal et des savoir-faire bouchers.<\/p>\n","protected":false},"featured_media":73017,"comment_status":"open","ping_status":"closed","template":"","meta":{"footnotes":""},"product_cat":[75,527,312],"product_tag":[716,726,722,727,697,335],"class_list":{"0":"post-72951","1":"product","2":"type-product","3":"status-publish","4":"has-post-thumbnail","6":"product_cat-tous-les-produits","7":"product_cat-barbecue-grillades-halal","8":"product_cat-boucherie-charcuterie","9":"product_tag-barbecue","10":"product_tag-escalope-de-veau","11":"product_tag-grillades","12":"product_tag-marine","13":"product_tag-veau","14":"product_tag-viande-halal","16":"first","17":"instock","18":"taxable","19":"shipping-taxable","20":"product-type-simple"},"_links":{"self":[{"href":"https:\/\/prointer.fr\/meinau\/wp-json\/wp\/v2\/product\/72951","targetHints":{"allow":["GET"]}}],"collection":[{"href":"https:\/\/prointer.fr\/meinau\/wp-json\/wp\/v2\/product"}],"about":[{"href":"https:\/\/prointer.fr\/meinau\/wp-json\/wp\/v2\/types\/product"}],"replies":[{"embeddable":true,"href":"https:\/\/prointer.fr\/meinau\/wp-json\/wp\/v2\/comments?post=72951"}],"version-history":[{"count":1,"href":"https:\/\/prointer.fr\/meinau\/wp-json\/wp\/v2\/product\/72951\/revisions"}],"predecessor-version":[{"id":73018,"href":"https:\/\/prointer.fr\/meinau\/wp-json\/wp\/v2\/product\/72951\/revisions\/73018"}],"wp:featuredmedia":[{"embeddable":true,"href":"https:\/\/prointer.fr\/meinau\/wp-json\/wp\/v2\/media\/73017"}],"wp:attachment":[{"href":"https:\/\/prointer.fr\/meinau\/wp-json\/wp\/v2\/media?parent=72951"}],"wp:term":[{"taxonomy":"product_cat","embeddable":true,"href":"https:\/\/prointer.fr\/meinau\/wp-json\/wp\/v2\/product_cat?post=72951"},{"taxonomy":"product_tag","embeddable":true,"href":"https:\/\/prointer.fr\/meinau\/wp-json\/wp\/v2\/product_tag?post=72951"}],"curies":[{"name":"wp","href":"https:\/\/api.w.org\/{rel}","templated":true}]}}