{"id":14107,"date":"2025-11-25T15:16:40","date_gmt":"2025-11-25T15:16:40","guid":{"rendered":"https:\/\/viande-halal.fr\/montagne-verte\/?post_type=product&#038;p=14107"},"modified":"2025-11-25T15:17:19","modified_gmt":"2025-11-25T15:17:19","slug":"pates-manti-ankara-500g","status":"publish","type":"product","link":"https:\/\/prointer.fr\/montagne-verte\/produit\/pates-manti-ankara-500g\/","title":{"rendered":"PATES MANTI ANKARA &#8211; 500G"},"content":{"rendered":"<p>D\u00e9couvrez les d\u00e9licieuses p\u00e2tes Manti Ankara de la marque ANKARA, un incontournable de l&rsquo;\u00e9picerie sal\u00e9e disponible en format de 500g. Ces p\u00e2tes traditionnelles turques sont id\u00e9ales pour pr\u00e9parer des plats savoureux et authentiques en un rien de temps.nnLes p\u00e2tes Manti Ankara sont fabriqu\u00e9es \u00e0 partir d&rsquo;ingr\u00e9dients de qualit\u00e9 sup\u00e9rieure, garantissant une texture ferme et un go\u00fbt riche en bouche. Leur forme unique en petit carr\u00e9 en fait un plat esth\u00e9tique et app\u00e9tissant qui plaira \u00e0 toute la famille.nnFaciles et rapides \u00e0 cuisiner, les p\u00e2tes Manti Ankara sont parfaites pour les repas du quotidien ou pour impressionner vos convives lors d&rsquo;occasions sp\u00e9ciales. Leur format de 500g est id\u00e9al pour une utilisation r\u00e9guli\u00e8re sans avoir \u00e0 vous soucier de manquer de stock.nnAjoutez les p\u00e2tes Manti Ankara \u00e0 votre panier d\u00e8s aujourd&rsquo;hui et laissez-vous s\u00e9duire par leur saveur authentique et leur praticit\u00e9. Retrouvez-les d\u00e8s maintenant dans notre rayon \u00e9picerie sal\u00e9e en magasin et offrez-vous un voyage gustatif en Turquie sans quitter votre cuisine. Profitez de cette sp\u00e9cialit\u00e9 culinaire pour \u00e9gayer vos repas et r\u00e9galer vos papilles.<\/p>\n","protected":false},"excerpt":{"rendered":"<p>D\u00e9couvrez les d\u00e9licieuses p\u00e2tes Manti Ankara de 500g, un produit de qualit\u00e9 de la marque Ankara. Savourez cette sp\u00e9cialit\u00e9 turque traditionnelle chez vous. Parfait pour vos recettes gourmandes.<\/p>\n","protected":false},"featured_media":14304,"comment_status":"closed","ping_status":"closed","template":"","meta":{"footnotes":""},"product_cat":[104,75],"product_tag":[154],"class_list":{"0":"post-14107","1":"product","2":"type-product","3":"status-publish","4":"has-post-thumbnail","6":"product_brand-ankara","7":"product_cat-epicerie-salee","8":"product_cat-tous-les-produits","9":"product_tag-ankara","10":"product_shipping_class-top-produits","12":"first","13":"instock","14":"taxable","15":"shipping-taxable","16":"purchasable","17":"product-type-simple"},"_links":{"self":[{"href":"https:\/\/prointer.fr\/montagne-verte\/wp-json\/wp\/v2\/product\/14107","targetHints":{"allow":["GET"]}}],"collection":[{"href":"https:\/\/prointer.fr\/montagne-verte\/wp-json\/wp\/v2\/product"}],"about":[{"href":"https:\/\/prointer.fr\/montagne-verte\/wp-json\/wp\/v2\/types\/product"}],"replies":[{"embeddable":true,"href":"https:\/\/prointer.fr\/montagne-verte\/wp-json\/wp\/v2\/comments?post=14107"}],"version-history":[{"count":1,"href":"https:\/\/prointer.fr\/montagne-verte\/wp-json\/wp\/v2\/product\/14107\/revisions"}],"predecessor-version":[{"id":14305,"href":"https:\/\/prointer.fr\/montagne-verte\/wp-json\/wp\/v2\/product\/14107\/revisions\/14305"}],"wp:featuredmedia":[{"embeddable":true,"href":"https:\/\/prointer.fr\/montagne-verte\/wp-json\/wp\/v2\/media\/14304"}],"wp:attachment":[{"href":"https:\/\/prointer.fr\/montagne-verte\/wp-json\/wp\/v2\/media?parent=14107"}],"wp:term":[{"taxonomy":"product_cat","embeddable":true,"href":"https:\/\/prointer.fr\/montagne-verte\/wp-json\/wp\/v2\/product_cat?post=14107"},{"taxonomy":"product_tag","embeddable":true,"href":"https:\/\/prointer.fr\/montagne-verte\/wp-json\/wp\/v2\/product_tag?post=14107"}],"curies":[{"name":"wp","href":"https:\/\/api.w.org\/{rel}","templated":true}]}}