{"id":14513,"date":"2025-11-25T15:18:07","date_gmt":"2025-11-25T15:18:07","guid":{"rendered":"https:\/\/viande-halal.fr\/montagne-verte\/?post_type=product&#038;p=14513"},"modified":"2025-11-25T15:18:14","modified_gmt":"2025-11-25T15:18:14","slug":"roller-fraise","status":"publish","type":"product","link":"https:\/\/prointer.fr\/montagne-verte\/produit\/roller-fraise\/","title":{"rendered":"ROLLER FRAISE"},"content":{"rendered":"<p>Le ROLLER FRAISE est un d\u00e9licieux en-cas sucr\u00e9 qui ravira les amateurs de fraises. Fabriqu\u00e9 avec des ingr\u00e9dients de haute qualit\u00e9, ce produit de la marque offre une saveur intense de fraise qui rappelle les beaux jours d&rsquo;\u00e9t\u00e9. Parfait pour une pause gourmande ou pour accompagner un caf\u00e9, ce roller est id\u00e9al pour satisfaire vos envies de sucreries. Sa texture moelleuse et son go\u00fbt fruit\u00e9 en font un snack parfait pour toute la famille.nnCe produit de la cat\u00e9gorie \u00c9picerie sucr\u00e9e est propos\u00e9 par notre supermarch\u00e9 physique, o\u00f9 vous pourrez d\u00e9couvrir une large s\u00e9lection de produits de qualit\u00e9 \u00e0 des prix comp\u00e9titifs. Nous attachons une grande importance \u00e0 la satisfaction de nos clients, c&rsquo;est pourquoi nous choisissons soigneusement les produits que nous proposons en rayon. Le ROLLER FRAISE est un incontournable pour les amateurs de fraises et de douceurs sucr\u00e9es.nnN&rsquo;h\u00e9sitez pas \u00e0 venir d\u00e9couvrir notre s\u00e9lection de produits d&rsquo;\u00e9picerie sucr\u00e9e dans notre supermarch\u00e9. Avec le ROLLER FRAISE, laissez-vous tenter par une pause gourmande et savourez la douceur de la fraise dans un en-cas irr\u00e9sistible.<\/p>\n","protected":false},"excerpt":{"rendered":"<p>D\u00e9couvrez le Roller Fraise de [nom de la marque] ! Cet outil de beaut\u00e9 r\u00e9volutionnaire vous offre une \u00e9pilation pr\u00e9cise et efficace pour une peau lisse et douce. Essayez-le d\u00e8s maintenant !<\/p>\n","protected":false},"featured_media":13496,"comment_status":"closed","ping_status":"closed","template":"","meta":{"footnotes":""},"product_cat":[105,75],"product_tag":[],"class_list":{"0":"post-14513","1":"product","2":"type-product","3":"status-publish","4":"has-post-thumbnail","6":"product_cat-epicerie-sucree","7":"product_cat-tous-les-produits","8":"product_shipping_class-top-produits","10":"first","11":"instock","12":"taxable","13":"shipping-taxable","14":"purchasable","15":"product-type-simple"},"_links":{"self":[{"href":"https:\/\/prointer.fr\/montagne-verte\/wp-json\/wp\/v2\/product\/14513","targetHints":{"allow":["GET"]}}],"collection":[{"href":"https:\/\/prointer.fr\/montagne-verte\/wp-json\/wp\/v2\/product"}],"about":[{"href":"https:\/\/prointer.fr\/montagne-verte\/wp-json\/wp\/v2\/types\/product"}],"replies":[{"embeddable":true,"href":"https:\/\/prointer.fr\/montagne-verte\/wp-json\/wp\/v2\/comments?post=14513"}],"version-history":[{"count":1,"href":"https:\/\/prointer.fr\/montagne-verte\/wp-json\/wp\/v2\/product\/14513\/revisions"}],"predecessor-version":[{"id":14543,"href":"https:\/\/prointer.fr\/montagne-verte\/wp-json\/wp\/v2\/product\/14513\/revisions\/14543"}],"wp:featuredmedia":[{"embeddable":true,"href":"https:\/\/prointer.fr\/montagne-verte\/wp-json\/wp\/v2\/media\/13496"}],"wp:attachment":[{"href":"https:\/\/prointer.fr\/montagne-verte\/wp-json\/wp\/v2\/media?parent=14513"}],"wp:term":[{"taxonomy":"product_cat","embeddable":true,"href":"https:\/\/prointer.fr\/montagne-verte\/wp-json\/wp\/v2\/product_cat?post=14513"},{"taxonomy":"product_tag","embeddable":true,"href":"https:\/\/prointer.fr\/montagne-verte\/wp-json\/wp\/v2\/product_tag?post=14513"}],"curies":[{"name":"wp","href":"https:\/\/api.w.org\/{rel}","templated":true}]}}