{"id":15082,"date":"2025-11-25T16:04:49","date_gmt":"2025-11-25T16:04:49","guid":{"rendered":"https:\/\/viande-halal.fr\/mutzig\/?post_type=product&#038;p=15082"},"modified":"2025-11-25T16:05:09","modified_gmt":"2025-11-25T16:05:09","slug":"pates-farfalline-fiyonk-bizim-ulker","status":"publish","type":"product","link":"https:\/\/prointer.fr\/mutzig\/produit\/pates-farfalline-fiyonk-bizim-ulker\/","title":{"rendered":"PATES FARFALLINE\/FIYONK BIZIM ULKER"},"content":{"rendered":"<p>Les p\u00e2tes Farfalline\/Fiyonk Bizim Ulker de la marque ULKER sont un incontournable de l&rsquo;\u00e9picerie sal\u00e9e. Ces d\u00e9licieuses p\u00e2tes en forme de papillon sont fabriqu\u00e9es avec des ingr\u00e9dients de qualit\u00e9 pour offrir un go\u00fbt authentique et une texture parfaite. Parfaites pour accompagner vos plats de p\u00e2tes pr\u00e9f\u00e9r\u00e9s, ces p\u00e2tes Farfalline\/Fiyonk sont faciles et rapides \u00e0 pr\u00e9parer, id\u00e9ales pour les repas de tous les jours.nnFabriqu\u00e9es par la c\u00e9l\u00e8bre marque turque ULKER, ces p\u00e2tes Farfalline\/Fiyonk sont un produit de qualit\u00e9 qui saura satisfaire les papilles des plus exigeants. Leur emballage pratique permet de les conserver facilement dans votre cuisine pour les avoir toujours sous la main lorsque vous en avez besoin.nnQue vous les pr\u00e9pariez avec une sauce tomate maison, du pesto ou simplement avec un filet d&rsquo;huile d&rsquo;olive et du parmesan r\u00e2p\u00e9, les p\u00e2tes Farfalline\/Fiyonk Bizim Ulker sauront ravir vos papilles et vous offrir un moment de plaisir gustatif. Ajoutez ce produit incontournable \u00e0 votre panier lors de votre prochaine visite dans notre supermarch\u00e9 pour d\u00e9couvrir toute la saveur des p\u00e2tes ULKER.<\/p>\n","protected":false},"excerpt":{"rendered":"<p>D\u00e9couvrez les d\u00e9licieuses p\u00e2tes farfalline\/fiyonk de la marque Ulker. Savourez des p\u00e2tes de qualit\u00e9, parfaites pour accompagner vos plats pr\u00e9f\u00e9r\u00e9s. Commandez d\u00e8s maintenant et r\u00e9galez-vous !<\/p>\n","protected":false},"featured_media":14209,"comment_status":"closed","ping_status":"closed","template":"","meta":{"footnotes":""},"product_cat":[104,75],"product_tag":[106],"class_list":{"0":"post-15082","1":"product","2":"type-product","3":"status-publish","4":"has-post-thumbnail","6":"product_brand-ulker","7":"product_cat-epicerie-salee","8":"product_cat-tous-les-produits","9":"product_tag-ulker","10":"product_shipping_class-top-produits","12":"first","13":"instock","14":"taxable","15":"shipping-taxable","16":"purchasable","17":"product-type-simple"},"_links":{"self":[{"href":"https:\/\/prointer.fr\/mutzig\/wp-json\/wp\/v2\/product\/15082","targetHints":{"allow":["GET"]}}],"collection":[{"href":"https:\/\/prointer.fr\/mutzig\/wp-json\/wp\/v2\/product"}],"about":[{"href":"https:\/\/prointer.fr\/mutzig\/wp-json\/wp\/v2\/types\/product"}],"replies":[{"embeddable":true,"href":"https:\/\/prointer.fr\/mutzig\/wp-json\/wp\/v2\/comments?post=15082"}],"version-history":[{"count":1,"href":"https:\/\/prointer.fr\/mutzig\/wp-json\/wp\/v2\/product\/15082\/revisions"}],"predecessor-version":[{"id":15243,"href":"https:\/\/prointer.fr\/mutzig\/wp-json\/wp\/v2\/product\/15082\/revisions\/15243"}],"wp:featuredmedia":[{"embeddable":true,"href":"https:\/\/prointer.fr\/mutzig\/wp-json\/wp\/v2\/media\/14209"}],"wp:attachment":[{"href":"https:\/\/prointer.fr\/mutzig\/wp-json\/wp\/v2\/media?parent=15082"}],"wp:term":[{"taxonomy":"product_cat","embeddable":true,"href":"https:\/\/prointer.fr\/mutzig\/wp-json\/wp\/v2\/product_cat?post=15082"},{"taxonomy":"product_tag","embeddable":true,"href":"https:\/\/prointer.fr\/mutzig\/wp-json\/wp\/v2\/product_tag?post=15082"}],"curies":[{"name":"wp","href":"https:\/\/api.w.org\/{rel}","templated":true}]}}