{"id":14662,"date":"2025-11-25T16:06:14","date_gmt":"2025-11-25T16:06:14","guid":{"rendered":"https:\/\/viande-halal.fr\/pfastatt\/?post_type=product&#038;p=14662"},"modified":"2025-11-25T16:08:01","modified_gmt":"2025-11-25T16:08:01","slug":"soupe-creme-champignon-bizim-mutfak","status":"publish","type":"product","link":"https:\/\/prointer.fr\/pfastatt\/produit\/soupe-creme-champignon-bizim-mutfak\/","title":{"rendered":"SOUPE CREME CHAMPIGNON BIZIM MUTFAK"},"content":{"rendered":"<p>La soupe cr\u00e8me champignon Bizim Mutkak d&rsquo;Ulker est une d\u00e9licieuse option pour les amateurs de soupes cr\u00e9meuses et r\u00e9confortantes. Fabriqu\u00e9e avec des champignons de qualit\u00e9 sup\u00e9rieure, cette soupe est un v\u00e9ritable d\u00e9lice pour les papilles. Sa texture onctueuse et son go\u00fbt savoureux en font un choix parfait pour une journ\u00e9e froide d&rsquo;hiver ou tout simplement pour se faire plaisir \u00e0 tout moment de l&rsquo;ann\u00e9e.nnCette soupe cr\u00e8me champignon est facile \u00e0 pr\u00e9parer, il vous suffit de la r\u00e9chauffer et de la servir pour profiter de tous ses bienfaits. Elle est \u00e9galement un excellent choix pour un repas rapide et nutritif lorsque vous manquez de temps pour cuisiner. Avec sa saveur riche et sa texture cr\u00e9meuse, elle saura satisfaire les palais les plus exigeants.nnEn plus d&rsquo;\u00eatre d\u00e9licieuse, la soupe cr\u00e8me champignon Bizim Mutkak d&rsquo;Ulker est \u00e9galement une option saine et \u00e9quilibr\u00e9e. Elle est faible en mati\u00e8res grasses et en calories, ce qui en fait un choix parfait pour ceux qui veulent manger sainement sans sacrifier le go\u00fbt. Ajoutez-la \u00e0 votre panier d\u00e8s aujourd&rsquo;hui et savourez un moment de r\u00e9confort avec cette soupe de qualit\u00e9 sup\u00e9rieure.<\/p>\n","protected":false},"excerpt":{"rendered":"<p>D\u00e9couvrez la d\u00e9licieuse soupe cr\u00e8me champignon Bizim Mutlak d&rsquo;Ulker. Savourez une recette authentique et onctueuse, parfaite pour les repas r\u00e9confortants. Un incontournable pour les amateurs de champignons. Bon app\u00e9tit!<\/p>\n","protected":false},"featured_media":14175,"comment_status":"closed","ping_status":"closed","template":"","meta":{"footnotes":""},"product_cat":[104,75],"product_tag":[106],"class_list":{"0":"post-14662","1":"product","2":"type-product","3":"status-publish","4":"has-post-thumbnail","6":"product_brand-ulker","7":"product_cat-epicerie-salee","8":"product_cat-tous-les-produits","9":"product_tag-ulker","10":"product_shipping_class-top-produits","12":"first","13":"instock","14":"taxable","15":"shipping-taxable","16":"purchasable","17":"product-type-simple"},"_links":{"self":[{"href":"https:\/\/prointer.fr\/pfastatt\/wp-json\/wp\/v2\/product\/14662","targetHints":{"allow":["GET"]}}],"collection":[{"href":"https:\/\/prointer.fr\/pfastatt\/wp-json\/wp\/v2\/product"}],"about":[{"href":"https:\/\/prointer.fr\/pfastatt\/wp-json\/wp\/v2\/types\/product"}],"replies":[{"embeddable":true,"href":"https:\/\/prointer.fr\/pfastatt\/wp-json\/wp\/v2\/comments?post=14662"}],"version-history":[{"count":1,"href":"https:\/\/prointer.fr\/pfastatt\/wp-json\/wp\/v2\/product\/14662\/revisions"}],"predecessor-version":[{"id":15220,"href":"https:\/\/prointer.fr\/pfastatt\/wp-json\/wp\/v2\/product\/14662\/revisions\/15220"}],"wp:featuredmedia":[{"embeddable":true,"href":"https:\/\/prointer.fr\/pfastatt\/wp-json\/wp\/v2\/media\/14175"}],"wp:attachment":[{"href":"https:\/\/prointer.fr\/pfastatt\/wp-json\/wp\/v2\/media?parent=14662"}],"wp:term":[{"taxonomy":"product_cat","embeddable":true,"href":"https:\/\/prointer.fr\/pfastatt\/wp-json\/wp\/v2\/product_cat?post=14662"},{"taxonomy":"product_tag","embeddable":true,"href":"https:\/\/prointer.fr\/pfastatt\/wp-json\/wp\/v2\/product_tag?post=14662"}],"curies":[{"name":"wp","href":"https:\/\/api.w.org\/{rel}","templated":true}]}}