{"id":14604,"date":"2025-11-25T16:09:52","date_gmt":"2025-11-25T16:09:52","guid":{"rendered":"https:\/\/viande-halal.fr\/wittenheim\/?post_type=product&#038;p=14604"},"modified":"2025-11-25T16:09:55","modified_gmt":"2025-11-25T16:09:55","slug":"dattes-sukkari-500g-nadaty","status":"publish","type":"product","link":"https:\/\/prointer.fr\/wittenheim\/produit\/dattes-sukkari-500g-nadaty\/","title":{"rendered":"DATTES SUKKARI 500G NADATY"},"content":{"rendered":"<p>Les d\u00e9licieuses dattes Sukkari de la marque Nadaty sont une v\u00e9ritable gourmandise \u00e0 savourer sans mod\u00e9ration. Ces dattes de qualit\u00e9 sup\u00e9rieure sont r\u00e9put\u00e9es pour leur douceur et leur texture fondante, id\u00e9ales pour satisfaire toutes vos envies sucr\u00e9es. Cultiv\u00e9es avec soin et r\u00e9colt\u00e9es \u00e0 maturit\u00e9, ces dattes Sukkari de 500g sont un v\u00e9ritable d\u00e9lice pour les papilles.nnLes dattes Sukkari sont riches en nutriments essentiels tels que les fibres, les vitamines et les min\u00e9raux, ce qui en fait une collation saine et \u00e9nergisante. Elles sont \u00e9galement naturellement sucr\u00e9es, ce qui en fait un excellent substitut aux bonbons et autres sucreries.nnFaciles \u00e0 emporter partout avec vous, ces dattes Sukkari de Nadaty sont parfaites pour une pause gourmande \u00e0 tout moment de la journ\u00e9e. Que ce soit pour combler une petite faim, accompagner votre caf\u00e9 ou simplement pour vous faire plaisir, ces dattes sauront vous s\u00e9duire par leur go\u00fbt exquis et leur fra\u00eecheur incomparable.nnNe r\u00e9sistez plus \u00e0 la tentation et laissez-vous tenter par ces succulentes dattes Sukkari de la marque Nadaty, disponibles en exclusivit\u00e9 dans notre supermarch\u00e9. N&rsquo;h\u00e9sitez plus, faites-vous plaisir et r\u00e9galez-vous avec ces d\u00e9licieuses dattes!<\/p>\n","protected":false},"excerpt":{"rendered":"<p>D\u00e9couvrez les d\u00e9licieuses dattes Sukkari 500g de la marque Nadaty. Ces dattes de qualit\u00e9 sup\u00e9rieure sont naturellement sucr\u00e9es et parfaites pour une collation saine et gourmande. Commandez d\u00e8s maintenant !<\/p>\n","protected":false},"featured_media":13591,"comment_status":"closed","ping_status":"closed","template":"","meta":{"footnotes":""},"product_cat":[118,75],"product_tag":[120],"class_list":{"0":"post-14604","1":"product","2":"type-product","3":"status-publish","4":"has-post-thumbnail","6":"product_brand-nadaty","7":"product_cat-fruits","8":"product_cat-tous-les-produits","9":"product_tag-nadaty","10":"product_shipping_class-top-produits","12":"first","13":"instock","14":"taxable","15":"shipping-taxable","16":"purchasable","17":"product-type-simple"},"_links":{"self":[{"href":"https:\/\/prointer.fr\/wittenheim\/wp-json\/wp\/v2\/product\/14604","targetHints":{"allow":["GET"]}}],"collection":[{"href":"https:\/\/prointer.fr\/wittenheim\/wp-json\/wp\/v2\/product"}],"about":[{"href":"https:\/\/prointer.fr\/wittenheim\/wp-json\/wp\/v2\/types\/product"}],"replies":[{"embeddable":true,"href":"https:\/\/prointer.fr\/wittenheim\/wp-json\/wp\/v2\/comments?post=14604"}],"version-history":[{"count":1,"href":"https:\/\/prointer.fr\/wittenheim\/wp-json\/wp\/v2\/product\/14604\/revisions"}],"predecessor-version":[{"id":14633,"href":"https:\/\/prointer.fr\/wittenheim\/wp-json\/wp\/v2\/product\/14604\/revisions\/14633"}],"wp:featuredmedia":[{"embeddable":true,"href":"https:\/\/prointer.fr\/wittenheim\/wp-json\/wp\/v2\/media\/13591"}],"wp:attachment":[{"href":"https:\/\/prointer.fr\/wittenheim\/wp-json\/wp\/v2\/media?parent=14604"}],"wp:term":[{"taxonomy":"product_cat","embeddable":true,"href":"https:\/\/prointer.fr\/wittenheim\/wp-json\/wp\/v2\/product_cat?post=14604"},{"taxonomy":"product_tag","embeddable":true,"href":"https:\/\/prointer.fr\/wittenheim\/wp-json\/wp\/v2\/product_tag?post=14604"}],"curies":[{"name":"wp","href":"https:\/\/api.w.org\/{rel}","templated":true}]}}