{"id":14674,"date":"2025-11-25T16:09:58","date_gmt":"2025-11-25T16:09:58","guid":{"rendered":"https:\/\/viande-halal.fr\/wittenheim\/?post_type=product&#038;p=14674"},"modified":"2025-11-25T16:10:02","modified_gmt":"2025-11-25T16:10:02","slug":"pate-poulet-argeta-halal-95g","status":"publish","type":"product","link":"https:\/\/prointer.fr\/wittenheim\/produit\/pate-poulet-argeta-halal-95g\/","title":{"rendered":"PATE POULET ARGETA HALAL &#8211; 95G"},"content":{"rendered":"<p>La P\u00e2te Poulet Argeta Halal &#8211; 95g est un produit de qualit\u00e9 de la marque Argeta, sp\u00e9cialis\u00e9e dans les produits d&rsquo;\u00e9picerie sal\u00e9e. Cette d\u00e9licieuse p\u00e2te \u00e0 base de poulet Halal est parfaite pour agr\u00e9menter vos sandwichs, tartines ou encore pour accompagner vos salades. nnAvec son format pratique de 95g, la P\u00e2te Poulet Argeta Halal est id\u00e9ale pour une consommation nomade ou pour un repas rapide. Sa recette savoureuse et authentique saura satisfaire les palais les plus exigeants.nnFabriqu\u00e9e avec des ingr\u00e9dients de qualit\u00e9, cette p\u00e2te \u00e0 base de poulet Halal est une excellente source de prot\u00e9ines pour vous apporter l&rsquo;\u00e9nergie n\u00e9cessaire tout au long de la journ\u00e9e. nnSur le site de notre supermarch\u00e9 physique, retrouvez la P\u00e2te Poulet Argeta Halal &#8211; 95g dans notre rayon \u00e9picerie sal\u00e9e. N&rsquo;h\u00e9sitez pas \u00e0 venir d\u00e9couvrir ce produit incontournable pour ajouter une touche de gourmandise \u00e0 tous vos plats. Commandez d\u00e8s maintenant et profitez de cette d\u00e9licieuse p\u00e2te \u00e0 base de poulet Halal sign\u00e9e Argeta.<\/p>\n","protected":false},"excerpt":{"rendered":"<p>D\u00e9couvrez la d\u00e9licieuse p\u00e2te de poulet Argeta Halal de 95g. Une recette savoureuse et halal, id\u00e9ale pour accompagner vos repas. Disponible chez Argeta, la marque de confiance en alimentation halal.<\/p>\n","protected":false},"featured_media":13706,"comment_status":"closed","ping_status":"closed","template":"","meta":{"footnotes":""},"product_cat":[104,75],"product_tag":[132],"class_list":{"0":"post-14674","1":"product","2":"type-product","3":"status-publish","4":"has-post-thumbnail","6":"product_brand-argeta","7":"product_cat-epicerie-salee","8":"product_cat-tous-les-produits","9":"product_tag-argeta","10":"product_shipping_class-top-produits","12":"first","13":"instock","14":"taxable","15":"shipping-taxable","16":"purchasable","17":"product-type-simple"},"_links":{"self":[{"href":"https:\/\/prointer.fr\/wittenheim\/wp-json\/wp\/v2\/product\/14674","targetHints":{"allow":["GET"]}}],"collection":[{"href":"https:\/\/prointer.fr\/wittenheim\/wp-json\/wp\/v2\/product"}],"about":[{"href":"https:\/\/prointer.fr\/wittenheim\/wp-json\/wp\/v2\/types\/product"}],"replies":[{"embeddable":true,"href":"https:\/\/prointer.fr\/wittenheim\/wp-json\/wp\/v2\/comments?post=14674"}],"version-history":[{"count":1,"href":"https:\/\/prointer.fr\/wittenheim\/wp-json\/wp\/v2\/product\/14674\/revisions"}],"predecessor-version":[{"id":14707,"href":"https:\/\/prointer.fr\/wittenheim\/wp-json\/wp\/v2\/product\/14674\/revisions\/14707"}],"wp:featuredmedia":[{"embeddable":true,"href":"https:\/\/prointer.fr\/wittenheim\/wp-json\/wp\/v2\/media\/13706"}],"wp:attachment":[{"href":"https:\/\/prointer.fr\/wittenheim\/wp-json\/wp\/v2\/media?parent=14674"}],"wp:term":[{"taxonomy":"product_cat","embeddable":true,"href":"https:\/\/prointer.fr\/wittenheim\/wp-json\/wp\/v2\/product_cat?post=14674"},{"taxonomy":"product_tag","embeddable":true,"href":"https:\/\/prointer.fr\/wittenheim\/wp-json\/wp\/v2\/product_tag?post=14674"}],"curies":[{"name":"wp","href":"https:\/\/api.w.org\/{rel}","templated":true}]}}