{"id":14921,"date":"2025-11-25T16:10:39","date_gmt":"2025-11-25T16:10:39","guid":{"rendered":"https:\/\/viande-halal.fr\/wittenheim\/?post_type=product&#038;p=14921"},"modified":"2025-11-25T16:11:08","modified_gmt":"2025-11-25T16:11:08","slug":"tortillas-epicees-patos-120g","status":"publish","type":"product","link":"https:\/\/prointer.fr\/wittenheim\/produit\/tortillas-epicees-patos-120g\/","title":{"rendered":"TORTILLAS EPICEES PATOS &#8211; 120G"},"content":{"rendered":"<p>D\u00e9couvrez les d\u00e9licieuses Tortillas \u00c9pic\u00e9es Patos, un produit incontournable de la marque Patos, sp\u00e9cialiste de l&rsquo;\u00e9picerie sal\u00e9e. Parfaites pour accompagner vos ap\u00e9ritifs ou vos repas mexicains, ces tortillas croustillantes et savoureuses sauront ravir vos papilles.nnFabriqu\u00e9es \u00e0 partir d&rsquo;ingr\u00e9dients de qualit\u00e9, ces Tortillas \u00c9pic\u00e9es Patos sont un v\u00e9ritable concentr\u00e9 de saveurs. Leur go\u00fbt relev\u00e9 et \u00e9pic\u00e9 en fait un incontournable pour les amateurs de sensations fortes. Avec leur format pratique de 120g, elles sont id\u00e9ales \u00e0 partager entre amis ou en famille.nnQue ce soit pour agr\u00e9menter vos tacos, nachos ou simplement en guise de snack, ces Tortillas \u00c9pic\u00e9es Patos sauront vous s\u00e9duire par leur authenticit\u00e9 et leur croquant irr\u00e9sistible. De plus, elles sont faciles \u00e0 emporter partout avec vous, pour une pause gourmande \u00e0 tout moment de la journ\u00e9e.nnN&rsquo;attendez plus pour d\u00e9couvrir les Tortillas \u00c9pic\u00e9es Patos et laissez-vous emporter par leur saveur unique. Disponibles d\u00e8s maintenant dans votre supermarch\u00e9 pr\u00e9f\u00e9r\u00e9, faites-en vite votre alli\u00e9 pour des moments gourmands et conviviaux.<\/p>\n","protected":false},"excerpt":{"rendered":"<p>D\u00e9couvrez les d\u00e9licieuses tortillas \u00e9pic\u00e9es de la marque Patos, un snack croustillant et savoureux de 120g. Parfait pour les ap\u00e9ritifs ou les en-cas gourmands, \u00e0 d\u00e9guster seul ou accompagn\u00e9.<\/p>\n","protected":false},"featured_media":13978,"comment_status":"closed","ping_status":"closed","template":"","meta":{"footnotes":""},"product_cat":[104,75],"product_tag":[162],"class_list":{"0":"post-14921","1":"product","2":"type-product","3":"status-publish","4":"has-post-thumbnail","6":"product_brand-patos","7":"product_cat-epicerie-salee","8":"product_cat-tous-les-produits","9":"product_tag-patos","10":"product_shipping_class-top-produits","12":"first","13":"instock","14":"taxable","15":"shipping-taxable","16":"purchasable","17":"product-type-simple"},"_links":{"self":[{"href":"https:\/\/prointer.fr\/wittenheim\/wp-json\/wp\/v2\/product\/14921","targetHints":{"allow":["GET"]}}],"collection":[{"href":"https:\/\/prointer.fr\/wittenheim\/wp-json\/wp\/v2\/product"}],"about":[{"href":"https:\/\/prointer.fr\/wittenheim\/wp-json\/wp\/v2\/types\/product"}],"replies":[{"embeddable":true,"href":"https:\/\/prointer.fr\/wittenheim\/wp-json\/wp\/v2\/comments?post=14921"}],"version-history":[{"count":1,"href":"https:\/\/prointer.fr\/wittenheim\/wp-json\/wp\/v2\/product\/14921\/revisions"}],"predecessor-version":[{"id":15071,"href":"https:\/\/prointer.fr\/wittenheim\/wp-json\/wp\/v2\/product\/14921\/revisions\/15071"}],"wp:featuredmedia":[{"embeddable":true,"href":"https:\/\/prointer.fr\/wittenheim\/wp-json\/wp\/v2\/media\/13978"}],"wp:attachment":[{"href":"https:\/\/prointer.fr\/wittenheim\/wp-json\/wp\/v2\/media?parent=14921"}],"wp:term":[{"taxonomy":"product_cat","embeddable":true,"href":"https:\/\/prointer.fr\/wittenheim\/wp-json\/wp\/v2\/product_cat?post=14921"},{"taxonomy":"product_tag","embeddable":true,"href":"https:\/\/prointer.fr\/wittenheim\/wp-json\/wp\/v2\/product_tag?post=14921"}],"curies":[{"name":"wp","href":"https:\/\/api.w.org\/{rel}","templated":true}]}}